divided by 2239.
1800
Calculate the remainder when 122490 is divided by 83.
65
Calculate the remainder when 926981 is divided by 463419.
143
Calculate the remainder when 297406 is divided by 78.
70
Calculate the remainder when 48787756 is divided by 80.
76
What is the remainder when 498748 is divided by 11334?
52
What is the remainder when 23073 is divided by 1499?
588
What is the remainder when 567203 is divided by 98?
77
What is the remainder when 645345359 is divided by 10362?
10361
Calculate the remainder when 383833 is divided by 54826.
51
What is the remainder when 1773052 is divided by 123?
7
Calculate the remainder when 390544 is divided by 1092.
700
Calculate the remainder when 25287620 is divided by 68.
52
What is the remainder when 17602 is divided by 2583?
2104
Calculate the remainder when 686393 is divided by 2971.
92
What is the remainder when 527598 is divided by 4669?
1
What is the remainder when 187281 is divided by 1463?
17
Calculate the remainder when 17152 is divided by 16664.
488
What is the remainder when 9059859 is divided by 21?
18
What is the remainder when 2855711 is divided by 5876?
5851
What is the remainder when 194767 is divided by 1025?
17
Calculate the remainder when 1255666 is divided by 73830.
556
Calculate the remainder when 1022078 is divided by 510801.
476
What is the remainder when 2360 is divided by 298?
274
What is the remainder when 741720 is divided by 105947?
91
What is the remainder when 27624571 is divided by 205?
1
What is the remainder when 2580074 is divided by 39691?
159
What is the remainder when 3796928 is divided by 7?
2
What is the remainder when 1658762 is divided by 331741?
57
What is the remainder when 10104217 is divided by 5052040?
137
Calculate the remainder when 6597344 is divided by 6.
2
Calculate the remainder when 73116 is divided by 71449.
1667
Calculate the remainder when 1944165 is divided by 13136.
37
What is the remainder when 198749 is divided by 1098?
11
What is the remainder when 139099 is divided by 6045?
64
Calculate the remainder when 8024958 is divided by 668745.
18
What is the remainder when 16899080 is divided by 3996?
3992
What is the remainder when 132364 is divided by 237?
118
What is the remainder when 32272527 is divided by 130658?
1
Calculate the remainder when 495606 is divided by 1029.
657
Calculate the remainder when 6819993 is divided by 6819972.
21
Calculate the remainder when 5749132 is divided by 249959.
75
What is the remainder when 7490436 is divided by 4360?
4316
Calculate the remainder when 7110774 is divided by 888845.
14
Calculate the remainder when 94599791 is divided by 3924.
3923
What is the remainder when 555430 is divided by 278?
264
Calculate the remainder when 5664391 is divided by 1888102.
85
Calculate the remainder when 4161051 is divided by 462331.
72
Calculate the remainder when 46031 is divided by 3284.
55
What is the remainder when 1080712 is divided by 4411?
17
What is the remainder when 19548 is divided by 19371?
177
What is the remainder when 9437140 is divided by 442?
440
Calculate the remainder when 75477 is divided by 18809.
241
What is the remainder when 198298 is divided by 2132?
22
What is the remainder when 26085 is divided by 12923?
239
Calculate the remainder when 252970 is divided by 2832.
922
What is the remainder when 39139 is divided by 671?
221
What is the remainder when 635698 is divided by 975?
973
What is the remainder when 221106 is divided by 11050?
106
Calculate the remainder when 160282413 is divided by 16.
13
What is the remainder when 369661 is divided by 57?
16
What is the remainder when 800006213 is divided by 8?
5
What is the remainder when 173363 is divided by 86674?
15
Calculate the remainder when 50807 is divided by 16670.
797
Calculate the remainder when 2176390 is divided by 354.
352
What is the remainder when 2380019 is divided by 1190007?
5
Calculate the remainder when 1289881 is divided by 56078.
87
Calculate the remainder when 151034 is divided by 21552.
170
What is the remainder when 461093 is divided by 230507?
79
Calculate the remainder when 98139 is divided by 4912.
4811
What is the remainder when 37563 is divided by 9384?
27
What is the remainder when 53202234 is divided by 102707?
8
What is the remainder when 7406758 is divided by 13?
8
Calculate the remainder when 62638484 is divided by 1188.
1184
Calculate the remainder when 37769 is divided by 36889.
880
What is the remainder when 707845603 is divided by 1879?
1876
Calculate the remainder when 18269816 is divided by 327.
326
Calculate the remainder when 2569770 is divided by 111714.
348
What is the remainder when 20378877 is divided by 61?
58
Calculate the remainder when 14572357 is divided by 61.
6
Calculate the remainder when 16606 is divided by 1558.
1026
What is the remainder when 2187580 is divided by 304?
300
Calculate the remainder when 112931 is divided by 112852.
79
What is the remainder when 527352 is divided by 6937?
140
Calculate the remainder when 12175097 is divided by 507.
506
Calculate the remainder when 215734 is divided by 5030.
4474
Calculate the remainder when 15739969 is divided by 293.
9
What is the remainder when 82067194 is divided by 61?
51
Calculate the remainder when 438477 is divided by 887.
299
Calculate the remainder when 392539 is divided by 67.
53
What is the remainder when 68859 is divided by 2457?
63
Calculate the remainder when 8022364 is divided by 167.
18
Calculate the remainder when 6096225 is divided by 979.
971
Calculate the remainder when 21766998 is divided by 7255664.
6
Calculate the remainder when 305171 is divided by 497.
13
What is the remainder when 15711687 is divided by 473?
46
What is the remainder when 1541721 is divided by 873?
3
What is the remainder when 568589 is divided by 139?
79
What is the remainder when 2233974 is divided by 744450?
624
What is the remainder when 127426 is divided by 306?
130
What is the remainder when 110385808 is divided by 4262?
8
What is the remainder when 8899161 is divided by 3736?
9
Calculate the remainder when 140084 is divided by 622.
134
Calculate the remainder when 2562773 is divided by 569.
566
Calculate the remainder when 502261 is divided by 26384.
965
Calculate the remainder when 117637 is divided by 14.
9
Calculate the remainder when 28356260 is divided by 7089059.
24
Calculate the remainder when 1392233 is divided by 3944.
1
Calculate the remainder when 21058307 is divided by 36.
35
What is the remainder when 6770546 is divided by 3110?
76
Calculate the remainder when 11457072 is divided by 1273006.
18
Calculate the remainder when 4256242 is divided by 2.
0
What is the remainder when 4445255 is divided by 375?
5
Calculate the remainder when 3651471 is divided by 1217128.
87
Calculate the remainder when 3083808 is divided by 9374.
9136
Calculate the remainder when 10649 is divided by 438.
137
Calculate the remainder when 121921851 is divided by 81.
3
Calculate the remainder when 17562506 is divided by 65.
26
What is the remainder when 148793 is divided by 195?
8
What is the remainder when 15301728 is divided by 2099?
18
What is the remainder when 518592 is divided by 808?
664
What is the remainder when 3354323 is divided by 3354265?
58
Calculate the remainder when 1663203 is divided by 5755.
8
Calculate the remainder when 64228 is divided by 1630.
658
What is the remainder when 718360 is divided by 1973?
188
What is the remainder when 51388154 is divided by 64?
58
Calculate the remainder when 59954 is divided by 298.
56
Calculate the remainder when 7816874 is divided by 16.
10
What is the remainder when 8335473 is divided by 92?
89
What is the remainder when 219388 is divided by 109678?
32
What is the remainder when 122513 is divided by 492?
5
Calculate the remainder when 18658933 is divided by 188474.
7
Calculate the remainder when 3278086 is divided by 2999.
179
Calculate the remainder when 5469709 is divided by 3092.
3053
What is the remainder when 4555872 is divided by 780?
672
What is the remainder when 6311499 is divided by 349?
183
Calculate the remainder when 8796578 is divided by 4398279.
20
Calculate the remainder when 162472282 is divided by 388.
386
Calculate the remainder when 2625316 is divided by 9.
7
Calculate the remainder when